, 31, 11617
List the prime factors of 23975832.
2, 3, 139, 7187
List the prime factors of 567304.
2, 70913
What are the prime factors of 5003920?
2, 5, 62549
List the prime factors of 187483.
47, 3989
What are the prime factors of 3851805?
3, 5, 211, 1217
List the prime factors of 73217.
211, 347
List the prime factors of 25501522.
2, 2221, 5741
List the prime factors of 1221824.
2, 17, 1123
List the prime factors of 1679157.
3, 62191
List the prime factors of 190880.
2, 5, 1193
List the prime factors of 214225.
5, 11, 19, 41
What are the prime factors of 3058538?
2, 7, 17, 71, 181
List the prime factors of 18972214.
2, 1049, 9043
List the prime factors of 3336110.
2, 5, 149, 2239
List the prime factors of 1609958.
2, 7, 114997
List the prime factors of 134812.
2, 33703
What are the prime factors of 1037595?
3, 5, 13, 17, 313
List the prime factors of 213073.
7, 61, 499
List the prime factors of 50318.
2, 139, 181
What are the prime factors of 226577?
13, 29, 601
What are the prime factors of 13101861?
3, 47, 92921
List the prime factors of 11440693.
11, 47, 22129
List the prime factors of 674603.
674603
List the prime factors of 380908.
2, 11, 787
What are the prime factors of 8680738?
2, 11, 394579
List the prime factors of 1582865.
5, 89, 3557
What are the prime factors of 6009854?
2, 23, 130649
What are the prime factors of 325158?
2, 3, 54193
List the prime factors of 351869.
7, 43, 167
What are the prime factors of 662558?
2, 13, 17, 1499
List the prime factors of 7676468.
2, 31, 1997
What are the prime factors of 788659?
788659
What are the prime factors of 19567009?
7, 11, 163, 1559
List the prime factors of 390504.
2, 3, 53, 307
List the prime factors of 576135.
3, 5, 7, 31, 59
What are the prime factors of 79515?
3, 5, 19, 31
What are the prime factors of 376970?
2, 5, 11, 23, 149
What are the prime factors of 20410082?
2, 7, 11, 132533
List the prime factors of 2546685.
3, 5, 17, 3329
What are the prime factors of 2766410?
2, 5, 17, 16273
List the prime factors of 539667.
3, 61, 983
List the prime factors of 53008.
2, 3313
What are the prime factors of 11148267?
3, 13, 29, 9857
List the prime factors of 21970740.
2, 3, 5, 11, 33289
List the prime factors of 315402.
2, 3, 52567
What are the prime factors of 242995?
5, 23, 2113
List the prime factors of 240984.
2, 3, 3347
List the prime factors of 23196353.
709, 32717
What are the prime factors of 10188431?
11, 37, 25033
What are the prime factors of 641369?
673, 953
What are the prime factors of 6827465?
5, 151, 9043
List the prime factors of 4564209.
3, 13, 37, 3163
List the prime factors of 2173261.
347, 6263
What are the prime factors of 108208?
2, 6763
What are the prime factors of 3865576?
2, 11, 13, 31, 109
List the prime factors of 1540485.
3, 5, 11411
What are the prime factors of 191058?
2, 3, 7, 4549
List the prime factors of 677422.
2, 43, 7877
What are the prime factors of 13201066?
2, 6600533
What are the prime factors of 111522?
2, 3, 18587
List the prime factors of 402502.
2, 201251
What are the prime factors of 126212?
2, 139, 227
What are the prime factors of 243080?
2, 5, 59, 103
What are the prime factors of 189323?
83, 2281
List the prime factors of 85809.
3, 28603
List the prime factors of 127455.
3, 5, 29, 293
List the prime factors of 339142.
2, 37, 4583
List the prime factors of 2491694.
2, 1245847
List the prime factors of 203493.
3, 29, 2339
What are the prime factors of 426460?
2, 5, 21323
List the prime factors of 1563860.
2, 5, 78193
What are the prime factors of 22571099?
59, 163, 2347
List the prime factors of 477917.
11, 23, 1889
What are the prime factors of 276391?
23, 61, 197
List the prime factors of 3796247.
7, 13, 3209
List the prime factors of 1800399.
3, 73, 8221
List the prime factors of 3907110.
2, 3, 5, 17, 47, 163
What are the prime factors of 1749664?
2, 7, 73, 107
What are the prime factors of 5005265?
5, 19, 47, 59
List the prime factors of 1543609.
41, 37649
What are the prime factors of 1579127?
11, 89, 1613
What are the prime factors of 184014?
2, 3, 10223
List the prime factors of 5817194.
2, 2908597
List the prime factors of 5565459.
3, 1855153
What are the prime factors of 10220562?
2, 3, 11, 41, 1259
What are the prime factors of 754968?
2, 3, 83, 379
What are the prime factors of 1136491?
31, 61, 601
List the prime factors of 3949382.
2, 67, 29473
What are the prime factors of 453930?
2, 3, 5, 15131
What are the prime factors of 7066393?
7066393
What are the prime factors of 179763?
3, 59921
List the prime factors of 1389889.
43, 32323
What are the prime factors of 295245?
3, 5
What are the prime factors of 1604524?
2, 367, 1093
What are the prime factors of 3548967?
3, 1182989
What are the prime factors of 543677?
17, 31981
List the prime factors of 208172.
2, 71, 733
List the prime factors of 10331366.
2, 29, 178127
What are the prime factors of 11143757?
691, 16127
What are the prime factors of 1425813?
3, 475271
What are the prime factors of 344062?
2, 172031
List the prime factors of 1514089.
41, 36929
List the prime factors of 27100984.
2, 71, 47713
List the prime factors of 2273654.
2, 19, 59833
List the prime factors of 2986195.
5, 597239
What are the prime factors of 154125?
3, 5, 137
List the prime factors of 160482.
2, 3, 7, 3821
What are the prime factors of 11251043?
29, 387967
What are the prime factors of 218300?
2, 5, 37, 59
List the prime factors of 123670.
2, 5, 83, 149
What are the prime factors of 46171?
46171
List the prime factors of 15206995.
5, 61, 73, 683
List the prime factors of 8658436.
2, 2164609
List the prime factors of 8145313.
11, 740483
List the prime factors of 762219.
3, 84691
What are the prime factors of 561624?
2, 3, 7, 3343
What are the prime factors of 851359?
851359
What are the prime factors of 376479?
3, 59, 709
What are the prime factors of 785688?
2, 3, 19, 1723
What are the prime factors of 1074799?
11, 199, 491
List the prime factors of 8005.
5, 1601
What are the prime factors of 209533?
209533
What are the prime factors of 14429782?
2, 1231, 5861
List the prime factors of 19611755.
5, 23, 170537
What are the prime factors of 29399201?
13, 37, 61121
What are the prime factors of 6145896?
2, 3, 256079
List the prime factors of 219304.
2, 79, 347
What are the prime factors of 2887056?
2, 3, 41, 163
List the prime factors of 149389.
31, 61, 79
What are the prime factors of 365211?
3, 7, 11, 17, 31
What are the prime factors of 180118?
2, 90059
What are the prime factors of 10781654?
2, 13, 414679
List the prime factors of 11977580.
2, 5, 29, 107, 193
List the prime factors of 560089.
560089
What are the prime factors of 1950810?
2, 3, 5, 65027
What are the prime factors of 11325102?
2, 3, 19, 41, 2423
What are the prime factors of 371466?
2, 3, 2293
List the prime factors of 2226964.
2, 556741
List the prime factors of 4543153.
173, 26261
What are the prime factors of 118115?
5, 23623
List the prime factors of 51515.
5, 10303
What are the prime factors of 135004?
2, 33751
What are the prime factors of 17527384?
2, 7, 312989
What are the prime factors of 1358015?
5, 271603
What are the prime factors of 6728727?
3, 61, 83, 443
What are the prime factors of 401889?
3, 133963
What are the prime factors of 18839685?
3, 5, 439, 2861
List the prime factors of 300260.
2, 5, 15013
List the prime factors of 3064378.
2, 719, 2131
What are the prime factors of 5212909?
13, 233, 1721
What are the prime factors of 148628?
2, 73, 509
List the prime factors of 1890393.
3, 23, 27397
What are the prime factors of 355283?
17, 20899
List the prime factors of 1361144.
2, 29, 5867
What are the prime factors of 13637?
13, 1049
List the prime factors of 5869449.
3, 217387
What are the prime factors of 4887891?
3, 17, 23, 463
List the prime factors of 362520.
2, 3, 5, 19, 53
What are the prime factors of 24270691?
2843, 8537
List the prime factors of 1471026.
2, 3, 245171
What are the prime factors of 11919772?
2, 37, 43, 1873
List the prime factors of 15526108.
2, 13, 298579
List the prime factors of 550779.
3, 183593
List the prime factors of 1821407.
7, 260201
List the prime factors of 127878.
2, 3, 21313
List the prime factors of 4620825.
3, 5, 11, 1867
What are the prime factors of 126607?
13, 9739
W